{"id":1140,"date":"2018-02-06T06:47:25","date_gmt":"2018-02-06T05:47:25","guid":{"rendered":"http:\/\/languagesworldacademy.com\/?page_id=1140"},"modified":"2018-02-06T06:47:25","modified_gmt":"2018-02-06T05:47:25","slug":"vive-en-la-casa-de-tu-profesor","status":"publish","type":"page","link":"https:\/\/languagesworldacademy.com\/es\/kurse\/vive-en-la-casa-de-tu-profesor\/","title":{"rendered":"Vive en la casa de tu Profesor"},"content":{"rendered":"<p><img decoding=\"async\" class=\"alignleft\" src=\"http:\/\/languagesworldacademy.com\/_images\/stories\/contenido\/vive_profesor.jpg\" border=\"0\" \/><\/p>\n<p class=\"h2\" align=\"center\">\u201cEspa\u00f1ol, alem\u00e1n y portugu\u00e9s\u201d<\/p>\n<p>Este programa te asegura un progreso m\u00e1s r\u00e1pido del idioma, ya que el profesor se centra en las necesidades de cada estudiante como las clases, preparaci\u00f3n y conversaciones durante la comida, visitas, contactos sociales, m\u00fasica y televisi\u00f3n te permiten una inmersi\u00f3n m\u00e1s completa en el curso de idiomas, permiti\u00e9ndote practicar durante todo el d\u00eda.<\/p>\n<ul>\n<li class=\"est\"><em><strong><span class=\"est\"><a href=\"http:\/\/languagesworldacademy.com\/es\/kurse\/index.php?option=com_content&amp;view=article&amp;id=38&amp;Itemid=52\">Fr\u00e1ncfort del Meno<\/a><\/span><\/strong><\/em><\/li>\n<li class=\"est\"><em><strong><span class=\"est\"><a href=\"http:\/\/languagesworldacademy.com\/es\/kurse\/index.php?option=com_content&amp;view=article&amp;id=37&amp;Itemid=51\">Quito \u2013 Ecuador<\/a>\u2026.<\/span><\/strong><\/em><\/li>\n<\/ul>\n<hr class=\"system-pagebreak\" \/>\n<p>\u2013 Son cursos intensivos individuales.<br \/>\n\u2013 Puedes vivir en la casa o piso de tu profesor de lunes a viernes.<br \/>\n\u2013 Si el curso intensivo es de 20 horas a la semana los horarios son de 10:00 a 12:15 por la ma\u00f1ana (3 horas de<br \/>\n\u202645 minutos) y de 14:00 a 15:30 por la tarde.<br \/>\n\u2013 Si el curso intensivo es de 30 horas a la semana los horarios son de 10:00 a 13:00 por la ma\u00f1ana (4 horas de<br \/>\n\u202645 minutos) y de 14:00 a 15:30 por la tarde de lunes a viernes.Puedes hospedarte a partir del s\u00e1bado o domingo y si deseas que te recojamos del aeropuerto por favor menci\u00f3nalo en tu formulario de admisi\u00f3n. Los horarios son flexibles y puedes acordarlo directamente con tu profesor.<\/p>\n","protected":false},"excerpt":{"rendered":"<p>\u201cEspa\u00f1ol, alem\u00e1n y portugu\u00e9s\u201d Este programa te asegura un progreso m\u00e1s r\u00e1pido del idioma, ya que el profesor se centra en las necesidades de cada estudiante como las clases, preparaci\u00f3n y conversaciones durante la comida, visitas, contactos sociales, m\u00fasica y televisi\u00f3n te permiten una inmersi\u00f3n m\u00e1s completa en el curso de idiomas, permiti\u00e9ndote practicar durante [&#8230;]\n","protected":false},"author":2,"featured_media":0,"parent":94,"menu_order":0,"comment_status":"closed","ping_status":"closed","template":"","meta":{"footnotes":""},"class_list":["post-1140","page","type-page","status-publish","hentry"],"_links":{"self":[{"href":"https:\/\/languagesworldacademy.com\/es\/wp-json\/wp\/v2\/pages\/1140","targetHints":{"allow":["GET"]}}],"collection":[{"href":"https:\/\/languagesworldacademy.com\/es\/wp-json\/wp\/v2\/pages"}],"about":[{"href":"https:\/\/languagesworldacademy.com\/es\/wp-json\/wp\/v2\/types\/page"}],"author":[{"embeddable":true,"href":"https:\/\/languagesworldacademy.com\/es\/wp-json\/wp\/v2\/users\/2"}],"replies":[{"embeddable":true,"href":"https:\/\/languagesworldacademy.com\/es\/wp-json\/wp\/v2\/comments?post=1140"}],"version-history":[{"count":1,"href":"https:\/\/languagesworldacademy.com\/es\/wp-json\/wp\/v2\/pages\/1140\/revisions"}],"predecessor-version":[{"id":1141,"href":"https:\/\/languagesworldacademy.com\/es\/wp-json\/wp\/v2\/pages\/1140\/revisions\/1141"}],"up":[{"embeddable":true,"href":"https:\/\/languagesworldacademy.com\/es\/wp-json\/wp\/v2\/pages\/94"}],"wp:attachment":[{"href":"https:\/\/languagesworldacademy.com\/es\/wp-json\/wp\/v2\/media?parent=1140"}],"curies":[{"name":"wp","href":"https:\/\/api.w.org\/{rel}","templated":true}]}}

<p><img decoding="async" class="alignleft" src="http://languagesworldacademy.com/_images/stories/contenido/vive_profesor.jpg" border="0" /></p>
<p class="h2" align="center">“Español, alemán y portugués”</p>
<p>Este programa te asegura un progreso más rápido del idioma, ya que el profesor se centra en las necesidades de cada estudiante como las clases, preparación y conversaciones durante la comida, visitas, contactos sociales, música y televisión te permiten una inmersión más completa en el curso de idiomas, permitiéndote practicar durante todo el día.</p>
<ul>
<li class="est"><em><strong><span class="est"><a href="http://languagesworldacademy.com/es/kurse/index.php?option=com_content&amp;view=article&amp;id=38&amp;Itemid=52">Fráncfort del Meno</a></span></strong></em></li>
<li class="est"><em><strong><span class="est"><a href="http://languagesworldacademy.com/es/kurse/index.php?option=com_content&amp;view=article&amp;id=37&amp;Itemid=51">Quito – Ecuador</a>….</span></strong></em></li>
</ul>
<hr class="system-pagebreak" />
<p>– Son cursos intensivos individuales.<br />
– Puedes vivir en la casa o piso de tu profesor de lunes a viernes.<br />
– Si el curso intensivo es de 20 horas a la semana los horarios son de 10:00 a 12:15 por la mañana (3 horas de<br />
…45 minutos) y de 14:00 a 15:30 por la tarde.<br />
– Si el curso intensivo es de 30 horas a la semana los horarios son de 10:00 a 13:00 por la mañana (4 horas de<br />
…45 minutos) y de 14:00 a 15:30 por la tarde de lunes a viernes.Puedes hospedarte a partir del sábado o domingo y si deseas que te recojamos del aeropuerto por favor menciónalo en tu formulario de admisión. Los horarios son flexibles y puedes acordarlo directamente con tu profesor.</p>

<p>“Español, alemán y portugués” Este programa te asegura un progreso más rápido del idioma, ya que el profesor se centra en las necesidades de cada estudiante como las clases, preparación y conversaciones durante la comida, visitas, contactos sociales, música y televisión te permiten una inmersión más completa en el curso de idiomas, permitiéndote practicar durante [&#8230;]
